{"id":680,"date":"2024-06-20T15:29:59","date_gmt":"2024-06-20T15:29:59","guid":{"rendered":"https:\/\/emblemaoperaciones.com\/?page_id=680"},"modified":"2024-08-30T00:32:58","modified_gmt":"2024-08-30T00:32:58","slug":"uso-del-poliacrilamida","status":"publish","type":"page","link":"https:\/\/emblemaoperaciones.com\/index.php\/uso-del-poliacrilamida\/","title":{"rendered":"Poliacrilamida"},"content":{"rendered":"\t\t<div data-elementor-type=\"wp-page\" data-elementor-id=\"680\" class=\"elementor elementor-680\" data-elementor-post-type=\"page\">\n\t\t\t\t\t\t<section class=\"elementor-section elementor-top-section elementor-element elementor-element-6ee6a9bf elementor-section-height-min-height elementor-section-boxed elementor-section-height-default elementor-section-items-middle\" data-id=\"6ee6a9bf\" data-element_type=\"section\" data-settings=\"{&quot;background_background&quot;:&quot;classic&quot;}\">\n\t\t\t\t\t\t\t<div class=\"elementor-background-overlay\"><\/div>\n\t\t\t\t\t\t\t<div class=\"elementor-container elementor-column-gap-default\">\n\t\t\t\t\t<div class=\"elementor-column elementor-col-100 elementor-top-column elementor-element elementor-element-4eb65355\" data-id=\"4eb65355\" data-element_type=\"column\">\n\t\t\t<div class=\"elementor-widget-wrap elementor-element-populated\">\n\t\t\t\t\t\t<div class=\"elementor-element elementor-element-66361be9 elementor-widget__width-initial elementor-widget elementor-widget-heading\" data-id=\"66361be9\" data-element_type=\"widget\" data-widget_type=\"heading.default\">\n\t\t\t\t<div class=\"elementor-widget-container\">\n\t\t\t\t\t<h2 class=\"elementor-heading-title elementor-size-default\"><a href=\"https:\/\/emblemaoperaciones.com\">Inicio<\/a><\/h2>\t\t\t\t<\/div>\n\t\t\t\t<\/div>\n\t\t\t\t<div class=\"elementor-element elementor-element-60cdafe4 elementor-widget__width-initial elementor-widget elementor-widget-heading\" data-id=\"60cdafe4\" data-element_type=\"widget\" data-widget_type=\"heading.default\">\n\t\t\t\t<div class=\"elementor-widget-container\">\n\t\t\t\t\t<h3 class=\"elementor-heading-title elementor-size-default\">-<\/h3>\t\t\t\t<\/div>\n\t\t\t\t<\/div>\n\t\t\t\t\t<\/div>\n\t\t<\/div>\n\t\t\t\t\t<\/div>\n\t\t<\/section>\n\t\t\t\t<section class=\"elementor-section elementor-top-section elementor-element elementor-element-43eeb30b elementor-section-boxed elementor-section-height-default elementor-section-height-default\" data-id=\"43eeb30b\" data-element_type=\"section\" data-settings=\"{&quot;background_background&quot;:&quot;classic&quot;}\">\n\t\t\t\t\t\t<div class=\"elementor-container elementor-column-gap-default\">\n\t\t\t\t\t<div class=\"elementor-column elementor-col-100 elementor-top-column elementor-element elementor-element-284648ee\" data-id=\"284648ee\" data-element_type=\"column\">\n\t\t\t<div class=\"elementor-widget-wrap elementor-element-populated\">\n\t\t\t\t\t\t<div class=\"elementor-element elementor-element-7a6ceafb elementor-widget elementor-widget-heading\" data-id=\"7a6ceafb\" data-element_type=\"widget\" data-widget_type=\"heading.default\">\n\t\t\t\t<div class=\"elementor-widget-container\">\n\t\t\t\t\t<h2 class=\"elementor-heading-title elementor-size-default\">Qu\u00edmicos<\/h2>\t\t\t\t<\/div>\n\t\t\t\t<\/div>\n\t\t\t\t<div class=\"elementor-element elementor-element-1e5130b2 elementor-widget elementor-widget-heading\" data-id=\"1e5130b2\" data-element_type=\"widget\" data-widget_type=\"heading.default\">\n\t\t\t\t<div class=\"elementor-widget-container\">\n\t\t\t\t\t<h3 class=\"elementor-heading-title elementor-size-default\">Poliacrilamida <\/h3>\t\t\t\t<\/div>\n\t\t\t\t<\/div>\n\t\t\t\t<div class=\"elementor-element elementor-element-1301cc7c elementor-widget elementor-widget-text-editor\" data-id=\"1301cc7c\" data-element_type=\"widget\" data-widget_type=\"text-editor.default\">\n\t\t\t\t<div class=\"elementor-widget-container\">\n\t\t\t\t\t\t\t\t\t<div class=\"col-lg-12\"><p>La poliacrilamida en polvo no se puede utilizar directamente; debe usarse correctamente despu\u00e9s de mezclarlo bien con agua pura (por ejemplo, agua del grifo). Sugerimos la concentraci\u00f3n alrededor de 0.1% &#8211; 0.3% durante la disoluci\u00f3n. Generalmente debe diluirse nuevamente cuando se usa. Durante la disoluci\u00f3n, la poliacrilamida debe soldarse en el agua lentamente, la velocidad de mezcla no debe ser demasiado fuerte, de lo contrario, la relaci\u00f3n de cizallamiento de la poliacrilamida disminuir\u00e1. Si la tasa de adici\u00f3n es demasiado r\u00e1pida, causar\u00e1 una apariencia de &#8220;ojo de pez&#8221; de poliacrilamida. La temperatura del agua no debe ser superior a 60 \u00b0 C.La temperatura normal es factible.5. La vida de almacenamiento de la soluci\u00f3n de poliacrilamida cati\u00f3nica es efectiva en un d\u00eda, la poliacrilamida ani\u00f3nica en dos d\u00edas, para evitar la degradaci\u00f3n. La soluci\u00f3n de poliacrilamida no debe mezclarse con iones de hierro, ya que el i\u00f3n de hierro es el catalizador que puede descomponer la poliacrilamida. Mientras bombea, sugerimos usar una bomba de diafragma o una bomba de vac\u00edo o una bomba centr\u00edfuga de baja presi\u00f3n (ya que la alta velocidad del impulsor de la bomba puede causar la degradaci\u00f3n de la poliacrilamida). Cuando la poliacrilamida se combina con un coagulante inorg\u00e1nico, primero debemos agregar el coagulante inorg\u00e1nico, y luego agregar la serie de productos cuando aparentemente aparece la floculaci\u00f3n. No se puede invertir el orden ni unir al mismo tiempo. Seguridad: sobre la cuesti\u00f3n de la seguridad de la poliacrilamida de alto peso molecular para el tratamiento del agua. Muchos pa\u00edses han repetido una gran cantidad de pruebas de adhesi\u00f3n humana y pruebas de toxicidad animal, y han confirmado que no son t\u00f3xicas. En medicina, no es activo, no es t\u00f3xico cr\u00f3nico, no es t\u00f3xico agudo, no estimula la piel humana. Para controlar la seguridad de uso de la poliacrilamida, el contenido de mon\u00f3mero residual y la dosis deben controlarse en primer lugar, el contenido de mon\u00f3mero residual es inferior al 0,5%. La Poliacrilamida producida por nuestra empresa con una tecnolog\u00eda \u00fanica de polimerizaci\u00f3n molecular (Patente Nacional), alcanza los \u00faltimos est\u00e1ndares t\u00e9cnicos.<\/p><\/div><div>\u00a0<\/div>\t\t\t\t\t\t\t\t<\/div>\n\t\t\t\t<\/div>\n\t\t\t\t\t<\/div>\n\t\t<\/div>\n\t\t\t\t\t<\/div>\n\t\t<\/section>\n\t\t\t\t<section class=\"elementor-section elementor-top-section elementor-element elementor-element-c3608ce elementor-section-boxed elementor-section-height-default elementor-section-height-default\" data-id=\"c3608ce\" data-element_type=\"section\" data-settings=\"{&quot;background_background&quot;:&quot;classic&quot;}\">\n\t\t\t\t\t\t<div class=\"elementor-container elementor-column-gap-default\">\n\t\t\t\t\t<div class=\"elementor-column elementor-col-100 elementor-top-column elementor-element elementor-element-06d5337\" data-id=\"06d5337\" data-element_type=\"column\" data-settings=\"{&quot;background_background&quot;:&quot;classic&quot;}\">\n\t\t\t<div class=\"elementor-widget-wrap elementor-element-populated\">\n\t\t\t\t\t\t<div class=\"elementor-element elementor-element-2c5a0a4 elementor-widget elementor-widget-spacer\" data-id=\"2c5a0a4\" data-element_type=\"widget\" data-widget_type=\"spacer.default\">\n\t\t\t\t<div class=\"elementor-widget-container\">\n\t\t\t\t\t\t\t<div class=\"elementor-spacer\">\n\t\t\t<div class=\"elementor-spacer-inner\"><\/div>\n\t\t<\/div>\n\t\t\t\t\t\t<\/div>\n\t\t\t\t<\/div>\n\t\t\t\t\t<\/div>\n\t\t<\/div>\n\t\t\t\t\t<\/div>\n\t\t<\/section>\n\t\t\t\t<section class=\"elementor-section elementor-top-section elementor-element elementor-element-b0eff47 elementor-section-boxed elementor-section-height-default elementor-section-height-default\" data-id=\"b0eff47\" data-element_type=\"section\">\n\t\t\t\t\t\t<div class=\"elementor-container elementor-column-gap-default\">\n\t\t\t\t\t<div class=\"elementor-column elementor-col-100 elementor-top-column elementor-element elementor-element-0e5e5aa\" data-id=\"0e5e5aa\" data-element_type=\"column\">\n\t\t\t<div class=\"elementor-widget-wrap\">\n\t\t\t\t\t\t\t<\/div>\n\t\t<\/div>\n\t\t\t\t\t<\/div>\n\t\t<\/section>\n\t\t\t\t<\/div>\n\t\t","protected":false},"excerpt":{"rendered":"<p>Inicio &#8211; Qu\u00edmicos Poliacrilamida La poliacrilamida en polvo no se puede utilizar directamente; debe usarse correctamente despu\u00e9s de mezclarlo bien con agua pura (por ejemplo, agua del grifo). Sugerimos la concentraci\u00f3n alrededor de 0.1% &#8211; 0.3% durante la disoluci\u00f3n. Generalmente debe diluirse nuevamente cuando se usa. Durante la disoluci\u00f3n, la poliacrilamida debe soldarse en el [&hellip;]<\/p>\n","protected":false},"author":3,"featured_media":0,"parent":0,"menu_order":0,"comment_status":"closed","ping_status":"closed","template":"","meta":{"footnotes":""},"_links":{"self":[{"href":"https:\/\/emblemaoperaciones.com\/index.php\/wp-json\/wp\/v2\/pages\/680"}],"collection":[{"href":"https:\/\/emblemaoperaciones.com\/index.php\/wp-json\/wp\/v2\/pages"}],"about":[{"href":"https:\/\/emblemaoperaciones.com\/index.php\/wp-json\/wp\/v2\/types\/page"}],"author":[{"embeddable":true,"href":"https:\/\/emblemaoperaciones.com\/index.php\/wp-json\/wp\/v2\/users\/3"}],"replies":[{"embeddable":true,"href":"https:\/\/emblemaoperaciones.com\/index.php\/wp-json\/wp\/v2\/comments?post=680"}],"version-history":[{"count":35,"href":"https:\/\/emblemaoperaciones.com\/index.php\/wp-json\/wp\/v2\/pages\/680\/revisions"}],"predecessor-version":[{"id":1645,"href":"https:\/\/emblemaoperaciones.com\/index.php\/wp-json\/wp\/v2\/pages\/680\/revisions\/1645"}],"wp:attachment":[{"href":"https:\/\/emblemaoperaciones.com\/index.php\/wp-json\/wp\/v2\/media?parent=680"}],"curies":[{"name":"wp","href":"https:\/\/api.w.org\/{rel}","templated":true}]}}