{"id":533,"date":"2024-06-19T23:23:35","date_gmt":"2024-06-19T23:23:35","guid":{"rendered":"https:\/\/emblemaoperaciones.com\/?page_id=533"},"modified":"2024-08-29T23:12:02","modified_gmt":"2024-08-29T23:12:02","slug":"pam-de-calidad-para-agua-potable","status":"publish","type":"page","link":"https:\/\/emblemaoperaciones.com\/index.php\/pam-de-calidad-para-agua-potable\/","title":{"rendered":"Agua potable"},"content":{"rendered":"\t\t<div data-elementor-type=\"wp-page\" data-elementor-id=\"533\" class=\"elementor elementor-533\" data-elementor-post-type=\"page\">\n\t\t\t\t\t\t<section class=\"elementor-section elementor-top-section elementor-element elementor-element-21f2b0a0 elementor-section-height-min-height elementor-section-boxed elementor-section-height-default elementor-section-items-middle\" data-id=\"21f2b0a0\" data-element_type=\"section\" data-settings=\"{&quot;background_background&quot;:&quot;classic&quot;}\">\n\t\t\t\t\t\t\t<div class=\"elementor-background-overlay\"><\/div>\n\t\t\t\t\t\t\t<div class=\"elementor-container elementor-column-gap-default\">\n\t\t\t\t\t<div class=\"elementor-column elementor-col-100 elementor-top-column elementor-element elementor-element-4776683a\" data-id=\"4776683a\" data-element_type=\"column\">\n\t\t\t<div class=\"elementor-widget-wrap elementor-element-populated\">\n\t\t\t\t\t\t<div class=\"elementor-element elementor-element-1abefb59 elementor-widget__width-initial elementor-widget elementor-widget-heading\" data-id=\"1abefb59\" data-element_type=\"widget\" data-widget_type=\"heading.default\">\n\t\t\t\t<div class=\"elementor-widget-container\">\n\t\t\t\t\t<h2 class=\"elementor-heading-title elementor-size-default\"><a href=\"https:\/\/emblemaoperaciones.com\">Inicio<\/a><\/h2>\t\t\t\t<\/div>\n\t\t\t\t<\/div>\n\t\t\t\t<div class=\"elementor-element elementor-element-11ae580f elementor-widget__width-initial elementor-widget elementor-widget-heading\" data-id=\"11ae580f\" data-element_type=\"widget\" data-widget_type=\"heading.default\">\n\t\t\t\t<div class=\"elementor-widget-container\">\n\t\t\t\t\t<h3 class=\"elementor-heading-title elementor-size-default\">-<\/h3>\t\t\t\t<\/div>\n\t\t\t\t<\/div>\n\t\t\t\t\t<\/div>\n\t\t<\/div>\n\t\t\t\t\t<\/div>\n\t\t<\/section>\n\t\t\t\t<section class=\"elementor-section elementor-top-section elementor-element elementor-element-5d0c4010 elementor-section-boxed elementor-section-height-default elementor-section-height-default\" data-id=\"5d0c4010\" data-element_type=\"section\" data-settings=\"{&quot;background_background&quot;:&quot;classic&quot;}\">\n\t\t\t\t\t\t<div class=\"elementor-container elementor-column-gap-default\">\n\t\t\t\t\t<div class=\"elementor-column elementor-col-50 elementor-top-column elementor-element elementor-element-3c5dbd6a\" data-id=\"3c5dbd6a\" data-element_type=\"column\" data-settings=\"{&quot;background_background&quot;:&quot;classic&quot;}\">\n\t\t\t<div class=\"elementor-widget-wrap elementor-element-populated\">\n\t\t\t\t\t\t<div class=\"elementor-element elementor-element-2dddc3f9 elementor-widget elementor-widget-spacer\" data-id=\"2dddc3f9\" data-element_type=\"widget\" data-widget_type=\"spacer.default\">\n\t\t\t\t<div class=\"elementor-widget-container\">\n\t\t\t\t\t\t\t<div class=\"elementor-spacer\">\n\t\t\t<div class=\"elementor-spacer-inner\"><\/div>\n\t\t<\/div>\n\t\t\t\t\t\t<\/div>\n\t\t\t\t<\/div>\n\t\t\t\t\t<\/div>\n\t\t<\/div>\n\t\t\t\t<div class=\"elementor-column elementor-col-50 elementor-top-column elementor-element elementor-element-73ed217a\" data-id=\"73ed217a\" data-element_type=\"column\">\n\t\t\t<div class=\"elementor-widget-wrap elementor-element-populated\">\n\t\t\t\t\t\t<div class=\"elementor-element elementor-element-397ed3a3 elementor-widget elementor-widget-heading\" data-id=\"397ed3a3\" data-element_type=\"widget\" data-widget_type=\"heading.default\">\n\t\t\t\t<div class=\"elementor-widget-container\">\n\t\t\t\t\t<h2 class=\"elementor-heading-title elementor-size-default\">Qu\u00edmicos<\/h2>\t\t\t\t<\/div>\n\t\t\t\t<\/div>\n\t\t\t\t<div class=\"elementor-element elementor-element-7be130d3 elementor-widget elementor-widget-heading\" data-id=\"7be130d3\" data-element_type=\"widget\" data-widget_type=\"heading.default\">\n\t\t\t\t<div class=\"elementor-widget-container\">\n\t\t\t\t\t<h3 class=\"elementor-heading-title elementor-size-default\">Agua potable<\/h3>\t\t\t\t<\/div>\n\t\t\t\t<\/div>\n\t\t\t\t<div class=\"elementor-element elementor-element-63340c3a elementor-widget elementor-widget-text-editor\" data-id=\"63340c3a\" data-element_type=\"widget\" data-widget_type=\"text-editor.default\">\n\t\t\t\t<div class=\"elementor-widget-container\">\n\t\t\t\t\t\t\t\t\t<p>El PAM de grado de agua potable se utiliza principalmente en el tratamiento de agua cruda, fabricaci\u00f3n de az\u00facar, fermentaci\u00f3n, etc. El PAM se puede agregar en agua cruda con el prop\u00f3sito de sedimentar y flocular, lo que puede reducir efectivamente la cantidad de aditivo de poli-aluminio, evitando as\u00ed producir demasiado lodo. Productos recomendados: A556PWG, A756PWG. En la industria azucarera, PAM es eficiente en la floculaci\u00f3n y precipitaci\u00f3n del bagazo de la soluci\u00f3n de az\u00facar. Despu\u00e9s del tratamiento, se obtendr\u00e1 una soluci\u00f3n de az\u00facar clara. Marca recomendada: A756PWG. Elija la mezcla PAC y PAM para la separaci\u00f3n y purificaci\u00f3n de melaza de ca\u00f1a de az\u00facar para obtener el mejor efecto. Marcas recomendadas: A556PWG, A756PWG. En la industria de la fermentaci\u00f3n, PAM se puede utilizar en el reciclaje de contenido s\u00f3lido de agua de destilaci\u00f3n diluida separada del alcohol. Marcas recomendadas: A556PWG, A756PWG.<\/p>\t\t\t\t\t\t\t\t<\/div>\n\t\t\t\t<\/div>\n\t\t\t\t\t<\/div>\n\t\t<\/div>\n\t\t\t\t\t<\/div>\n\t\t<\/section>\n\t\t\t\t<section class=\"elementor-section elementor-top-section elementor-element elementor-element-265b8679 elementor-section-boxed elementor-section-height-default elementor-section-height-default\" data-id=\"265b8679\" data-element_type=\"section\" data-settings=\"{&quot;background_background&quot;:&quot;classic&quot;}\">\n\t\t\t\t\t\t<div class=\"elementor-container elementor-column-gap-default\">\n\t\t\t\t\t<div class=\"elementor-column elementor-col-100 elementor-top-column elementor-element elementor-element-1713ff0c\" data-id=\"1713ff0c\" data-element_type=\"column\">\n\t\t\t<div class=\"elementor-widget-wrap elementor-element-populated\">\n\t\t\t\t\t\t<div class=\"elementor-element elementor-element-1257aab4 elementor-widget elementor-widget-heading\" data-id=\"1257aab4\" data-element_type=\"widget\" data-widget_type=\"heading.default\">\n\t\t\t\t<div class=\"elementor-widget-container\">\n\t\t\t\t\t<h3 class=\"elementor-heading-title elementor-size-default\">Dise\u00f1ado para distintas aplicaciones<\/h3>\t\t\t\t<\/div>\n\t\t\t\t<\/div>\n\t\t\t\t<section class=\"elementor-section elementor-inner-section elementor-element elementor-element-359c2fe0 elementor-section-boxed elementor-section-height-default elementor-section-height-default\" data-id=\"359c2fe0\" data-element_type=\"section\">\n\t\t\t\t\t\t<div class=\"elementor-container elementor-column-gap-default\">\n\t\t\t\t\t<div class=\"elementor-column elementor-col-25 elementor-inner-column elementor-element elementor-element-53c6bc62\" data-id=\"53c6bc62\" data-element_type=\"column\" data-settings=\"{&quot;background_background&quot;:&quot;classic&quot;}\">\n\t\t\t<div class=\"elementor-widget-wrap elementor-element-populated\">\n\t\t\t\t\t\t<section class=\"elementor-section elementor-inner-section elementor-element elementor-element-25b7451c elementor-section-boxed elementor-section-height-default elementor-section-height-default\" data-id=\"25b7451c\" data-element_type=\"section\">\n\t\t\t\t\t\t<div class=\"elementor-container elementor-column-gap-default\">\n\t\t\t\t\t<div class=\"elementor-column elementor-col-100 elementor-inner-column elementor-element elementor-element-154591c1\" data-id=\"154591c1\" data-element_type=\"column\">\n\t\t\t<div class=\"elementor-widget-wrap elementor-element-populated\">\n\t\t\t\t\t\t<div class=\"elementor-element elementor-element-52200ea6 elementor-widget elementor-widget-image\" data-id=\"52200ea6\" data-element_type=\"widget\" data-widget_type=\"image.default\">\n\t\t\t\t<div class=\"elementor-widget-container\">\n\t\t\t\t\t\t\t\t\t\t\t\t\t\t\t<img decoding=\"async\" src=\"https:\/\/emblemaoperaciones.com\/wp-content\/uploads\/elementor\/thumbs\/DALL\u00b7E-2024-06-19-17.54.55-A-product-image-for-Drinking-water-grade-PAM-labeled-A245PWG.-Show-a-clear-container-with-a-clean-modern-design-filled-with-a-white-granular-substan-qpwv4x9tdq99tkjvntwmy2anolu12tiopmn9ypjh6g.webp\" title=\"DALL\u00b7E 2024-06-19 17.54.55 &#8211; A product image for Drinking water grade PAM labeled A245PWG. Show a clear container with a clean, modern design, filled with a white granular substan\" alt=\"DALL\u00b7E 2024-06-19 17.54.55 - A product image for Drinking water grade PAM labeled A245PWG. Show a clear container with a clean, modern design, filled with a white granular substan\" loading=\"lazy\" \/>\t\t\t\t\t\t\t\t\t\t\t\t\t\t\t<\/div>\n\t\t\t\t<\/div>\n\t\t\t\t\t<\/div>\n\t\t<\/div>\n\t\t\t\t\t<\/div>\n\t\t<\/section>\n\t\t\t\t<div class=\"elementor-element elementor-element-7de42de6 elementor-widget elementor-widget-image-box\" data-id=\"7de42de6\" data-element_type=\"widget\" data-widget_type=\"image-box.default\">\n\t\t\t\t<div class=\"elementor-widget-container\">\n\t\t\t\t\t<div class=\"elementor-image-box-wrapper\"><div class=\"elementor-image-box-content\"><h4 class=\"elementor-image-box-title\">A245PWG<\/h4><p class=\"elementor-image-box-description\">Nivel de carga: Bajo<br>\nPeso Molecular: Bajo\n<\/p><\/div><\/div>\t\t\t\t<\/div>\n\t\t\t\t<\/div>\n\t\t\t\t\t<\/div>\n\t\t<\/div>\n\t\t\t\t<div class=\"elementor-column elementor-col-25 elementor-inner-column elementor-element elementor-element-63a9bdbb\" data-id=\"63a9bdbb\" data-element_type=\"column\" data-settings=\"{&quot;background_background&quot;:&quot;classic&quot;}\">\n\t\t\t<div class=\"elementor-widget-wrap elementor-element-populated\">\n\t\t\t\t\t\t<section class=\"elementor-section elementor-inner-section elementor-element elementor-element-4d92eb68 elementor-section-boxed elementor-section-height-default elementor-section-height-default\" data-id=\"4d92eb68\" data-element_type=\"section\">\n\t\t\t\t\t\t<div class=\"elementor-container elementor-column-gap-default\">\n\t\t\t\t\t<div class=\"elementor-column elementor-col-100 elementor-inner-column elementor-element elementor-element-7a2a4279\" data-id=\"7a2a4279\" data-element_type=\"column\">\n\t\t\t<div class=\"elementor-widget-wrap elementor-element-populated\">\n\t\t\t\t\t\t<div class=\"elementor-element elementor-element-30599666 elementor-widget elementor-widget-image\" data-id=\"30599666\" data-element_type=\"widget\" data-widget_type=\"image.default\">\n\t\t\t\t<div class=\"elementor-widget-container\">\n\t\t\t\t\t\t\t\t\t\t\t\t\t\t\t<img decoding=\"async\" src=\"https:\/\/emblemaoperaciones.com\/wp-content\/uploads\/elementor\/thumbs\/DALL\u00b7E-2024-06-19-17.56.10-A-product-image-for-Drinking-water-grade-PAM-labeled-A345PWG.-Show-a-clear-container-with-a-clean-modern-design-filled-with-a-white-granular-substan-qpwv6dws0g9bvqff4gnqtp0gy6ml1vbnkv6gu7dfi0.webp\" title=\"DALL\u00b7E 2024-06-19 17.56.10 &#8211; A product image for Drinking water grade PAM labeled A345PWG. Show a clear container with a clean, modern design, filled with a white granular substan\" alt=\"DALL\u00b7E 2024-06-19 17.56.10 - A product image for Drinking water grade PAM labeled A345PWG. Show a clear container with a clean, modern design, filled with a white granular substan\" loading=\"lazy\" \/>\t\t\t\t\t\t\t\t\t\t\t\t\t\t\t<\/div>\n\t\t\t\t<\/div>\n\t\t\t\t\t<\/div>\n\t\t<\/div>\n\t\t\t\t\t<\/div>\n\t\t<\/section>\n\t\t\t\t<div class=\"elementor-element elementor-element-358cda93 elementor-widget elementor-widget-image-box\" data-id=\"358cda93\" data-element_type=\"widget\" data-widget_type=\"image-box.default\">\n\t\t\t\t<div class=\"elementor-widget-container\">\n\t\t\t\t\t<div class=\"elementor-image-box-wrapper\"><div class=\"elementor-image-box-content\"><h4 class=\"elementor-image-box-title\">A345PWG<\/h4><p class=\"elementor-image-box-description\">Nivel de carga: Bajo<br>\nPeso Molecular: Medio Bajo\n<\/p><\/div><\/div>\t\t\t\t<\/div>\n\t\t\t\t<\/div>\n\t\t\t\t\t<\/div>\n\t\t<\/div>\n\t\t\t\t<div class=\"elementor-column elementor-col-25 elementor-inner-column elementor-element elementor-element-52e9e850\" data-id=\"52e9e850\" data-element_type=\"column\" data-settings=\"{&quot;background_background&quot;:&quot;classic&quot;}\">\n\t\t\t<div class=\"elementor-widget-wrap elementor-element-populated\">\n\t\t\t\t\t\t<section class=\"elementor-section elementor-inner-section elementor-element elementor-element-61917fd5 elementor-section-boxed elementor-section-height-default elementor-section-height-default\" data-id=\"61917fd5\" data-element_type=\"section\">\n\t\t\t\t\t\t<div class=\"elementor-container elementor-column-gap-default\">\n\t\t\t\t\t<div class=\"elementor-column elementor-col-100 elementor-inner-column elementor-element elementor-element-7aa43ca5\" data-id=\"7aa43ca5\" data-element_type=\"column\">\n\t\t\t<div class=\"elementor-widget-wrap elementor-element-populated\">\n\t\t\t\t\t\t<div class=\"elementor-element elementor-element-5b3fa27a elementor-widget elementor-widget-image\" data-id=\"5b3fa27a\" data-element_type=\"widget\" data-widget_type=\"image.default\">\n\t\t\t\t<div class=\"elementor-widget-container\">\n\t\t\t\t\t\t\t\t\t\t\t\t\t\t\t<img decoding=\"async\" src=\"https:\/\/emblemaoperaciones.com\/wp-content\/uploads\/elementor\/thumbs\/DALL\u00b7E-2024-06-19-17.56.35-A-product-image-for-Drinking-water-grade-PAM-labeled-A456LPWG.-Show-a-clear-container-with-a-clean-modern-design-filled-with-a-white-granular-substa-qpwv72cky56s9lfx5r81miuge7a4m00oc853bed708.webp\" title=\"DALL\u00b7E 2024-06-19 17.56.35 &#8211; A product image for Drinking water grade PAM labeled A456LPWG. Show a clear container with a clean, modern design, filled with a white granular substa\" alt=\"DALL\u00b7E 2024-06-19 17.56.35 - A product image for Drinking water grade PAM labeled A456LPWG. Show a clear container with a clean, modern design, filled with a white granular substa\" loading=\"lazy\" \/>\t\t\t\t\t\t\t\t\t\t\t\t\t\t\t<\/div>\n\t\t\t\t<\/div>\n\t\t\t\t\t<\/div>\n\t\t<\/div>\n\t\t\t\t\t<\/div>\n\t\t<\/section>\n\t\t\t\t<div class=\"elementor-element elementor-element-419d3d88 elementor-widget elementor-widget-image-box\" data-id=\"419d3d88\" data-element_type=\"widget\" data-widget_type=\"image-box.default\">\n\t\t\t\t<div class=\"elementor-widget-container\">\n\t\t\t\t\t<div class=\"elementor-image-box-wrapper\"><div class=\"elementor-image-box-content\"><h4 class=\"elementor-image-box-title\">A456LPWG<\/h4><p class=\"elementor-image-box-description\">Nivel de Carga: Medio<br>\nPeso Molecular: Medio<\/p><\/div><\/div>\t\t\t\t<\/div>\n\t\t\t\t<\/div>\n\t\t\t\t\t<\/div>\n\t\t<\/div>\n\t\t\t\t<div class=\"elementor-column elementor-col-25 elementor-inner-column elementor-element elementor-element-7d66cbf0\" data-id=\"7d66cbf0\" data-element_type=\"column\" data-settings=\"{&quot;background_background&quot;:&quot;classic&quot;}\">\n\t\t\t<div class=\"elementor-widget-wrap elementor-element-populated\">\n\t\t\t\t\t\t<section class=\"elementor-section elementor-inner-section elementor-element elementor-element-1337f067 elementor-section-boxed elementor-section-height-default elementor-section-height-default\" data-id=\"1337f067\" data-element_type=\"section\">\n\t\t\t\t\t\t<div class=\"elementor-container elementor-column-gap-default\">\n\t\t\t\t\t<div class=\"elementor-column elementor-col-100 elementor-inner-column elementor-element elementor-element-7283721\" data-id=\"7283721\" data-element_type=\"column\">\n\t\t\t<div class=\"elementor-widget-wrap elementor-element-populated\">\n\t\t\t\t\t\t<div class=\"elementor-element elementor-element-4fbf3ab0 elementor-widget elementor-widget-image\" data-id=\"4fbf3ab0\" data-element_type=\"widget\" data-widget_type=\"image.default\">\n\t\t\t\t<div class=\"elementor-widget-container\">\n\t\t\t\t\t\t\t\t\t\t\t\t\t\t\t<img decoding=\"async\" src=\"https:\/\/emblemaoperaciones.com\/wp-content\/uploads\/elementor\/thumbs\/DALL\u00b7E-2024-06-19-17.57.17-A-product-image-for-Drinking-water-grade-PAM-labeled-A556PWG.-Show-a-clear-container-with-a-clean-modern-design-filled-with-a-white-granular-substan-qpwv85tsx6ott7ukr8adj8vtcdvjladehnjhh0qnqw.webp\" title=\"DALL\u00b7E 2024-06-19 17.57.17 &#8211; A product image for Drinking water grade PAM labeled A556PWG. Show a clear container with a clean, modern design, filled with a white granular substan\" alt=\"DALL\u00b7E 2024-06-19 17.57.17 - A product image for Drinking water grade PAM labeled A556PWG. Show a clear container with a clean, modern design, filled with a white granular substan\" loading=\"lazy\" \/>\t\t\t\t\t\t\t\t\t\t\t\t\t\t\t<\/div>\n\t\t\t\t<\/div>\n\t\t\t\t\t<\/div>\n\t\t<\/div>\n\t\t\t\t\t<\/div>\n\t\t<\/section>\n\t\t\t\t<div class=\"elementor-element elementor-element-49b714f0 elementor-widget elementor-widget-image-box\" data-id=\"49b714f0\" data-element_type=\"widget\" data-widget_type=\"image-box.default\">\n\t\t\t\t<div class=\"elementor-widget-container\">\n\t\t\t\t\t<div class=\"elementor-image-box-wrapper\"><div class=\"elementor-image-box-content\"><h4 class=\"elementor-image-box-title\">A556PWG<\/h4><p class=\"elementor-image-box-description\">Nivel de Carga: Alto<br>\nPeso Molecular: Alto<\/p><\/div><\/div>\t\t\t\t<\/div>\n\t\t\t\t<\/div>\n\t\t\t\t\t<\/div>\n\t\t<\/div>\n\t\t\t\t\t<\/div>\n\t\t<\/section>\n\t\t\t\t\t<\/div>\n\t\t<\/div>\n\t\t\t\t\t<\/div>\n\t\t<\/section>\n\t\t\t\t<\/div>\n\t\t","protected":false},"excerpt":{"rendered":"<p>Inicio &#8211; Qu\u00edmicos Agua potable El PAM de grado de agua potable se utiliza principalmente en el tratamiento de agua cruda, fabricaci\u00f3n de az\u00facar, fermentaci\u00f3n, etc. El PAM se puede agregar en agua cruda con el prop\u00f3sito de sedimentar y flocular, lo que puede reducir efectivamente la cantidad de aditivo de poli-aluminio, evitando as\u00ed producir [&hellip;]<\/p>\n","protected":false},"author":3,"featured_media":0,"parent":0,"menu_order":0,"comment_status":"closed","ping_status":"closed","template":"","meta":{"footnotes":""},"_links":{"self":[{"href":"https:\/\/emblemaoperaciones.com\/index.php\/wp-json\/wp\/v2\/pages\/533"}],"collection":[{"href":"https:\/\/emblemaoperaciones.com\/index.php\/wp-json\/wp\/v2\/pages"}],"about":[{"href":"https:\/\/emblemaoperaciones.com\/index.php\/wp-json\/wp\/v2\/types\/page"}],"author":[{"embeddable":true,"href":"https:\/\/emblemaoperaciones.com\/index.php\/wp-json\/wp\/v2\/users\/3"}],"replies":[{"embeddable":true,"href":"https:\/\/emblemaoperaciones.com\/index.php\/wp-json\/wp\/v2\/comments?post=533"}],"version-history":[{"count":44,"href":"https:\/\/emblemaoperaciones.com\/index.php\/wp-json\/wp\/v2\/pages\/533\/revisions"}],"predecessor-version":[{"id":1590,"href":"https:\/\/emblemaoperaciones.com\/index.php\/wp-json\/wp\/v2\/pages\/533\/revisions\/1590"}],"wp:attachment":[{"href":"https:\/\/emblemaoperaciones.com\/index.php\/wp-json\/wp\/v2\/media?parent=533"}],"curies":[{"name":"wp","href":"https:\/\/api.w.org\/{rel}","templated":true}]}}